{"id":355,"date":"2016-09-24T14:40:14","date_gmt":"2016-09-24T12:40:14","guid":{"rendered":"http:\/\/fitness2.mythemecloud.io\/?page_id=355"},"modified":"2025-02-27T23:19:19","modified_gmt":"2025-02-27T22:19:19","slug":"accueil","status":"publish","type":"page","link":"https:\/\/sphynx-lilith.com\/","title":{"rendered":"Bienvenue \u00e0 la chatterie"},"content":{"rendered":"\n<p><\/p>\n\n\n\n<h1 class=\"wp-block-heading\">Les sphynx de l&rsquo;antre de Lilith<\/h1>\n\n\n\n<figure class=\"wp-block-image size-full\"><img fetchpriority=\"high\" decoding=\"async\" width=\"820\" height=\"312\" src=\"https:\/\/sphynx-lilith.com\/wp-content\/uploads\/2024\/08\/Photoroom-20240714_194440.png\" alt=\"\" class=\"wp-image-1750\" srcset=\"https:\/\/sphynx-lilith.com\/wp-content\/uploads\/2024\/08\/Photoroom-20240714_194440.png 820w, https:\/\/sphynx-lilith.com\/wp-content\/uploads\/2024\/08\/Photoroom-20240714_194440-300x114.png 300w, https:\/\/sphynx-lilith.com\/wp-content\/uploads\/2024\/08\/Photoroom-20240714_194440-768x292.png 768w\" sizes=\"(max-width: 820px) 100vw, 820px\" \/><\/figure>\n\n\n<div class=\"wp-block-image\">\n<figure class=\"aligncenter is-resized\"><img decoding=\"async\" width=\"300\" height=\"200\" src=\"https:\/\/sphynx-lilith.com\/wp-content\/uploads\/2024\/03\/Photoroom-20240308_111524-300x200.png\" alt=\"\" class=\"wp-image-1661\" style=\"width:30px;height:auto\" srcset=\"https:\/\/sphynx-lilith.com\/wp-content\/uploads\/2024\/03\/Photoroom-20240308_111524-300x200.png 300w, https:\/\/sphynx-lilith.com\/wp-content\/uploads\/2024\/03\/Photoroom-20240308_111524-1024x682.png 1024w, https:\/\/sphynx-lilith.com\/wp-content\/uploads\/2024\/03\/Photoroom-20240308_111524-768x512.png 768w, https:\/\/sphynx-lilith.com\/wp-content\/uploads\/2024\/03\/Photoroom-20240308_111524-1536x1024.png 1536w, https:\/\/sphynx-lilith.com\/wp-content\/uploads\/2024\/03\/Photoroom-20240308_111524.png 2000w\" sizes=\"(max-width: 300px) 100vw, 300px\" \/><\/figure><\/div>\n\n\n<h2 class=\"wp-block-heading\">Pr\u00e9sentation de la chatterie<\/h2>\n\n\n\n<h2 class=\"wp-block-heading\"><span style=\"color: #ffff99;\"><a style=\"color: #ffff99;\" href=\"http:\/\/www.facebook.com\/lessphynxdelantredelilith\">FACEBOOK<\/a><\/span><\/h2>\n\n\n\n<p class=\"has-text-align-center\"><span style=\"color: #ffcc99;\"><a style=\"color: #ffcc99;\" href=\"https:\/\/instagram.com\/les_sphynx_del_antre_de_lilith?igshid=YmMyMTA2M2Y=\">INSTAGRAM<\/a><\/span><\/p>\n\n\n\n<h2 class=\"wp-block-heading\"><span style=\"color: #cc99ff;\"><a style=\"color: #cc99ff;\" href=\"https:\/\/www.tiktok.com\/@lessphynxdelantredelilith?_t=8aMoi9nsOco&amp;_r=1\">TikTok<\/a><\/span><\/h2>\n\n\n\n<p>Bonjour \u00e0 tous et bienvenue chez nous !!!<\/p>\n\n\n\n<p>Les sphynx de l&rsquo;antre de Lilith est une petite chatterie situ\u00e9e dans le Loiret proche de Beaune la Rolande 45340, \u00e0 1h d&rsquo;Orl\u00e9ans, 1h 30 de Paris, 1h de Sens. Acc\u00e8s \u00e0 la A19 \u00e0 seulement 5 min.<\/p>\n\n\n<div class=\"wp-block-image\">\n<figure class=\"aligncenter\"><img decoding=\"async\" width=\"289\" height=\"300\" src=\"https:\/\/sphynx-lilith.com\/wp-content\/uploads\/2023\/02\/IMG_20230226_153320-1-289x300.jpg\" alt=\"\" class=\"wp-image-1411\" srcset=\"https:\/\/sphynx-lilith.com\/wp-content\/uploads\/2023\/02\/IMG_20230226_153320-1-289x300.jpg 289w, https:\/\/sphynx-lilith.com\/wp-content\/uploads\/2023\/02\/IMG_20230226_153320-1-988x1024.jpg 988w, https:\/\/sphynx-lilith.com\/wp-content\/uploads\/2023\/02\/IMG_20230226_153320-1-768x796.jpg 768w, https:\/\/sphynx-lilith.com\/wp-content\/uploads\/2023\/02\/IMG_20230226_153320-1.jpg 1440w\" sizes=\"(max-width: 289px) 100vw, 289px\" \/><\/figure><\/div>\n\n\n<p>Nos chats vivent en famille, \u00e0 la campagne, ils ont acc\u00e8s \u00e0 l&rsquo;int\u00e9gralit\u00e9 de notre maison (ou il est peut \u00eatre plus juste de dire que nous vivons chez eux !!) sont habitu\u00e9s aux jeunes enfants et ado, ainsi que les chiens et perruches. D\u00e8s que les beaux jours arrivent, ils ont un acc\u00e8s ext\u00e9rieur.<\/p>\n\n\n<div class=\"wp-block-image\">\n<figure class=\"aligncenter\"><img loading=\"lazy\" decoding=\"async\" width=\"300\" height=\"200\" src=\"https:\/\/sphynx-lilith.com\/wp-content\/uploads\/2023\/02\/tonyRblade-20220906_115435-AR-300x200.jpg\" alt=\"\" class=\"wp-image-1426\" srcset=\"https:\/\/sphynx-lilith.com\/wp-content\/uploads\/2023\/02\/tonyRblade-20220906_115435-AR-300x200.jpg 300w, https:\/\/sphynx-lilith.com\/wp-content\/uploads\/2023\/02\/tonyRblade-20220906_115435-AR-1024x683.jpg 1024w, https:\/\/sphynx-lilith.com\/wp-content\/uploads\/2023\/02\/tonyRblade-20220906_115435-AR-768x512.jpg 768w, https:\/\/sphynx-lilith.com\/wp-content\/uploads\/2023\/02\/tonyRblade-20220906_115435-AR-1536x1024.jpg 1536w, https:\/\/sphynx-lilith.com\/wp-content\/uploads\/2023\/02\/tonyRblade-20220906_115435-AR-2048x1365.jpg 2048w\" sizes=\"(max-width: 300px) 100vw, 300px\" \/><\/figure><\/div>\n\n\n<p>Ma passion pour les sphynx a d\u00e9but\u00e9 en 1992, j&rsquo;ai d\u00e9couvert cette race incroyable par hasard, d&rsquo;abord intrigu\u00e9e par ce chat nu dont on ne parlait pas encore, je me suis jur\u00e9e d&rsquo;en avoir un \u00e0 moi un jour&#8230; De longues ann\u00e9es se sont \u00e9coul\u00e9es avant de r\u00e9aliser mon r\u00eave, et enfin Rams\u00e8s est arriv\u00e9 dans nos vies. Un coup de coeur qui nous a donn\u00e9 l&rsquo;envie d&rsquo;\u00e9lever cette race unique.<\/p>\n\n\n\n<p>Lilith a \u00e9t\u00e9 notre premi\u00e8re femelle reproductrice d&rsquo;o\u00f9 le nom de la chatterie.<\/p>\n\n\n<div class=\"wp-block-image\">\n<figure class=\"aligncenter\"><img loading=\"lazy\" decoding=\"async\" width=\"300\" height=\"264\" src=\"https:\/\/sphynx-lilith.com\/wp-content\/uploads\/2023\/02\/IMG_20210420_163701-300x264.jpg\" alt=\"\" class=\"wp-image-1414\" srcset=\"https:\/\/sphynx-lilith.com\/wp-content\/uploads\/2023\/02\/IMG_20210420_163701-300x264.jpg 300w, https:\/\/sphynx-lilith.com\/wp-content\/uploads\/2023\/02\/IMG_20210420_163701-1024x902.jpg 1024w, https:\/\/sphynx-lilith.com\/wp-content\/uploads\/2023\/02\/IMG_20210420_163701-768x677.jpg 768w, https:\/\/sphynx-lilith.com\/wp-content\/uploads\/2023\/02\/IMG_20210420_163701-1536x1353.jpg 1536w, https:\/\/sphynx-lilith.com\/wp-content\/uploads\/2023\/02\/IMG_20210420_163701-2048x1804.jpg 2048w\" sizes=\"(max-width: 300px) 100vw, 300px\" \/><\/figure><\/div>\n\n\n<p>Par respect pour la tranquillit\u00e9 de nos chats, nous ne faisons que quelques expositions f\u00e9lines dans l&rsquo;ann\u00e9e et proches de la maison. Ces expositions ont pour but de valider nos choix de reproduction mais sont \u00e9galement un lieu d&rsquo;\u00e9change entre \u00e9leveurs et passionn\u00e9s.<\/p>\n\n\n\n<p>Nos futures mamans et futurs papas, sont test\u00e9s FIV\/FELV ainsi que CMH par \u00e9chographie cardiaque chaque ann\u00e9e. Ils sont bien s\u00fbr \u00e0 jour de vaccination. Et ont tous un pedigree enregistr\u00e9 au LOOF.<\/p>\n\n\n\n<p>Nos chatons sont isol\u00e9s avec leur maman dans une maternit\u00e9 \u00e9volutive jusqu&rsquo;\u00e0 leur vaccination afin d&rsquo;\u00e9viter tout risque de contamination par les autres animaux ou personnes ext\u00e9rieures, mais sont manipul\u00e9s et c\u00e2lin\u00e9s tous les jours, sont habitu\u00e9s aux bruits de la maison. D\u00e8s qu&rsquo;ils sont suffisamment forts, ils rejoignent le reste de la tribu chats.<\/p>\n\n\n<div class=\"wp-block-image\">\n<figure class=\"aligncenter\"><img loading=\"lazy\" decoding=\"async\" width=\"225\" height=\"300\" src=\"https:\/\/sphynx-lilith.com\/wp-content\/uploads\/2023\/02\/IMG20220616191543-225x300.jpg\" alt=\"\" class=\"wp-image-1440\" srcset=\"https:\/\/sphynx-lilith.com\/wp-content\/uploads\/2023\/02\/IMG20220616191543-225x300.jpg 225w, https:\/\/sphynx-lilith.com\/wp-content\/uploads\/2023\/02\/IMG20220616191543-768x1024.jpg 768w, https:\/\/sphynx-lilith.com\/wp-content\/uploads\/2023\/02\/IMG20220616191543-1152x1536.jpg 1152w, https:\/\/sphynx-lilith.com\/wp-content\/uploads\/2023\/02\/IMG20220616191543-1536x2048.jpg 1536w, https:\/\/sphynx-lilith.com\/wp-content\/uploads\/2023\/02\/IMG20220616191543-scaled.jpg 1920w\" sizes=\"(max-width: 225px) 100vw, 225px\" \/><\/figure><\/div>\n\n\n<p>Les b\u00e9b\u00e9s sont propos\u00e9s \u00e0 la r\u00e9servation \u00e0 partir de 6 semaines de vie. Ils sont ensuite pr\u00eats \u00e0 rejoindre leur famille autour de 4 mois. Le sphynx (comme tous les chats) a r\u00e9ellement besoin de ce temps pour un sevrage affectif complet, une \u00e9ducation de sa maman, pour \u00eatre bien dans ses patounes et \u00eatre un super chat de famille sans probl\u00e8me de comportement. Nous savons que 4 mois c&rsquo;est tr\u00e8s long lorsque l&rsquo;on attend avec impatience d&rsquo;accueillir son petit c\u0153ur, nous envoyons donc tr\u00e8s r\u00e9guli\u00e8rement des photos, vid\u00e9os et nous sommes disponibles en visio. Les pages Instagram et Facebook sont aliment\u00e9es quasiment chaque jour pour donner des nouvelles.<\/p>\n\n\n<div class=\"wp-block-image\">\n<figure class=\"aligncenter\"><img loading=\"lazy\" decoding=\"async\" width=\"225\" height=\"300\" src=\"https:\/\/sphynx-lilith.com\/wp-content\/uploads\/2023\/02\/IMG20220722184423-225x300.jpg\" alt=\"\" class=\"wp-image-1418\" srcset=\"https:\/\/sphynx-lilith.com\/wp-content\/uploads\/2023\/02\/IMG20220722184423-225x300.jpg 225w, https:\/\/sphynx-lilith.com\/wp-content\/uploads\/2023\/02\/IMG20220722184423-768x1024.jpg 768w, https:\/\/sphynx-lilith.com\/wp-content\/uploads\/2023\/02\/IMG20220722184423-1152x1536.jpg 1152w, https:\/\/sphynx-lilith.com\/wp-content\/uploads\/2023\/02\/IMG20220722184423-1536x2048.jpg 1536w, https:\/\/sphynx-lilith.com\/wp-content\/uploads\/2023\/02\/IMG20220722184423-scaled.jpg 1920w\" sizes=\"(max-width: 225px) 100vw, 225px\" \/><\/figure><\/div>\n\n\n<p>La chatterie les sphynx de l&rsquo;antre de Lilith est titulaire de l&rsquo; ACACED, dipl\u00f4me de secourisme animalier, naturopathie animali\u00e8re et certificat d&rsquo;\u00e9leveur f\u00e9lin. Titulaire du TAV (transport animaux vivants, option chats, chiens) nous proposons de vous livrer votre b\u00e9b\u00e9 selon votre lieu d&rsquo;habitation et contre participation financi\u00e8re.<\/p>\n\n\n\n<p>Nous ne travaillons ni une couleur de peau, ni d&rsquo;yeux, nous souhaitons surtout des sphynx avec un joli type qui repr\u00e9sente le mieux possible le standard officiel de la race et surtout en bonne sant\u00e9.<\/p>\n\n\n\n<p>Accueillir un sphynx, c&rsquo;est se rendre disponible pour ce chat pot de colle et tr\u00e8s d\u00e9pendant de son humain. Il aime se lover contre vous, dormir sous les plaids du canap\u00e9, se faufiler dans votre lit.<\/p>\n\n\n<div class=\"wp-block-image\">\n<figure class=\"aligncenter\"><img loading=\"lazy\" decoding=\"async\" width=\"225\" height=\"300\" src=\"https:\/\/sphynx-lilith.com\/wp-content\/uploads\/2023\/02\/IMG20230224233539-225x300.jpg\" alt=\"\" class=\"wp-image-1422\" srcset=\"https:\/\/sphynx-lilith.com\/wp-content\/uploads\/2023\/02\/IMG20230224233539-225x300.jpg 225w, https:\/\/sphynx-lilith.com\/wp-content\/uploads\/2023\/02\/IMG20230224233539-768x1024.jpg 768w, https:\/\/sphynx-lilith.com\/wp-content\/uploads\/2023\/02\/IMG20230224233539-1152x1536.jpg 1152w, https:\/\/sphynx-lilith.com\/wp-content\/uploads\/2023\/02\/IMG20230224233539-1536x2048.jpg 1536w, https:\/\/sphynx-lilith.com\/wp-content\/uploads\/2023\/02\/IMG20230224233539-scaled.jpg 1920w\" sizes=\"(max-width: 225px) 100vw, 225px\" \/><\/figure><\/div>\n\n\n<p>Espi\u00e8gle et cascadeur il aimera avoir des couchages en hauteur et des jouets de toutes sortes pour s&rsquo;occuper. C&rsquo;est un chouette chat de famille.<\/p>\n\n\n<div class=\"wp-block-image\">\n<figure class=\"aligncenter\"><img loading=\"lazy\" decoding=\"async\" width=\"200\" height=\"300\" src=\"https:\/\/sphynx-lilith.com\/wp-content\/uploads\/2023\/02\/tonyRblade-20220906_111515-AR-200x300.jpg\" alt=\"\" class=\"wp-image-1423\" srcset=\"https:\/\/sphynx-lilith.com\/wp-content\/uploads\/2023\/02\/tonyRblade-20220906_111515-AR-200x300.jpg 200w, https:\/\/sphynx-lilith.com\/wp-content\/uploads\/2023\/02\/tonyRblade-20220906_111515-AR-683x1024.jpg 683w, https:\/\/sphynx-lilith.com\/wp-content\/uploads\/2023\/02\/tonyRblade-20220906_111515-AR-768x1152.jpg 768w, https:\/\/sphynx-lilith.com\/wp-content\/uploads\/2023\/02\/tonyRblade-20220906_111515-AR-1024x1536.jpg 1024w, https:\/\/sphynx-lilith.com\/wp-content\/uploads\/2023\/02\/tonyRblade-20220906_111515-AR-1365x2048.jpg 1365w, https:\/\/sphynx-lilith.com\/wp-content\/uploads\/2023\/02\/tonyRblade-20220906_111515-AR-scaled.jpg 1707w\" sizes=\"(max-width: 200px) 100vw, 200px\" \/><\/figure><\/div>\n\n\n<p>Vous pouvez suivre les aventures de l&rsquo;Antre de Lilith sur Instagram, Facebook et Tik Tok<\/p>\n\n\n\n<p>Au plaisir d&rsquo;\u00e9changer avec vous pour vous faire d\u00e9couvrir ces intrigants mais tr\u00e8s attachants chats nus.<\/p>\n\n\n\n<p>Maryne, Greg, leurs enfants et sphynx<\/p>\n\n\n\n<p>Tuto Sphynx r\u00e9alis\u00e9 par le LOOF:<\/p>\n\n\n\n<figure class=\"wp-block-embed is-type-video is-provider-youtube wp-block-embed-youtube wp-embed-aspect-16-9 wp-has-aspect-ratio\"><div class=\"wp-block-embed__wrapper\">\n<p class=\"responsive-video-wrap clr\"><iframe title=\"Tutocat - le Sphynx\" width=\"1200\" height=\"675\" src=\"https:\/\/www.youtube.com\/embed\/56Exl9xgP_s?feature=oembed\" frameborder=\"0\" allow=\"accelerometer; autoplay; clipboard-write; encrypted-media; gyroscope; picture-in-picture; web-share\" referrerpolicy=\"strict-origin-when-cross-origin\" allowfullscreen><\/iframe><\/p>\n<\/div><\/figure>\n\n\n\n<p><style>\/*! elementor - v3.10.2 - 29-01-2023 *\/<br \/>\n.elementor-widget-image{text-align:center}.elementor-widget-image a{display:inline-block}.elementor-widget-image a img[src$=\".svg\"]{width:48px}.elementor-widget-image img{vertical-align:middle;display:inline-block}<\/style><\/p>\n\n\n\n<hr class=\"wp-block-separator has-alpha-channel-opacity\"\/>\n\n\n\n<h2 class=\"wp-block-heading\">Galerie de photos<\/h2>\n\n\n\n<figure class=\"wp-block-gallery has-nested-images columns-default is-cropped wp-block-gallery-1 is-layout-flex wp-block-gallery-is-layout-flex\">\n<figure class=\"wp-block-image size-large\"><img loading=\"lazy\" decoding=\"async\" width=\"1024\" height=\"683\" data-id=\"1433\" src=\"https:\/\/sphynx-lilith.com\/wp-content\/uploads\/2023\/02\/tonyRblade-20220906_115808-AR-1024x683.jpg\" alt=\"\" class=\"wp-image-1433\" srcset=\"https:\/\/sphynx-lilith.com\/wp-content\/uploads\/2023\/02\/tonyRblade-20220906_115808-AR-1024x683.jpg 1024w, https:\/\/sphynx-lilith.com\/wp-content\/uploads\/2023\/02\/tonyRblade-20220906_115808-AR-300x200.jpg 300w, https:\/\/sphynx-lilith.com\/wp-content\/uploads\/2023\/02\/tonyRblade-20220906_115808-AR-768x512.jpg 768w, https:\/\/sphynx-lilith.com\/wp-content\/uploads\/2023\/02\/tonyRblade-20220906_115808-AR-1536x1024.jpg 1536w, https:\/\/sphynx-lilith.com\/wp-content\/uploads\/2023\/02\/tonyRblade-20220906_115808-AR-2048x1365.jpg 2048w\" sizes=\"(max-width: 1024px) 100vw, 1024px\" \/><\/figure>\n\n\n\n<figure class=\"wp-block-image size-large\"><img loading=\"lazy\" decoding=\"async\" width=\"1024\" height=\"683\" data-id=\"1460\" src=\"https:\/\/sphynx-lilith.com\/wp-content\/uploads\/2023\/03\/DSC_0494-1024x683.jpg\" alt=\"\" class=\"wp-image-1460\" srcset=\"https:\/\/sphynx-lilith.com\/wp-content\/uploads\/2023\/03\/DSC_0494-1024x683.jpg 1024w, https:\/\/sphynx-lilith.com\/wp-content\/uploads\/2023\/03\/DSC_0494-300x200.jpg 300w, https:\/\/sphynx-lilith.com\/wp-content\/uploads\/2023\/03\/DSC_0494-768x512.jpg 768w, https:\/\/sphynx-lilith.com\/wp-content\/uploads\/2023\/03\/DSC_0494-1536x1024.jpg 1536w, https:\/\/sphynx-lilith.com\/wp-content\/uploads\/2023\/03\/DSC_0494-2048x1365.jpg 2048w\" sizes=\"(max-width: 1024px) 100vw, 1024px\" \/><\/figure>\n\n\n\n<figure class=\"wp-block-image size-large\"><img loading=\"lazy\" decoding=\"async\" width=\"1024\" height=\"683\" data-id=\"1344\" src=\"https:\/\/sphynx-lilith.com\/wp-content\/uploads\/2023\/02\/tonyRblade-20220906_113340-AR-1024x683.jpg\" alt=\"\" class=\"wp-image-1344\" srcset=\"https:\/\/sphynx-lilith.com\/wp-content\/uploads\/2023\/02\/tonyRblade-20220906_113340-AR-1024x683.jpg 1024w, https:\/\/sphynx-lilith.com\/wp-content\/uploads\/2023\/02\/tonyRblade-20220906_113340-AR-300x200.jpg 300w, https:\/\/sphynx-lilith.com\/wp-content\/uploads\/2023\/02\/tonyRblade-20220906_113340-AR-768x512.jpg 768w, https:\/\/sphynx-lilith.com\/wp-content\/uploads\/2023\/02\/tonyRblade-20220906_113340-AR-1536x1024.jpg 1536w, https:\/\/sphynx-lilith.com\/wp-content\/uploads\/2023\/02\/tonyRblade-20220906_113340-AR-2048x1365.jpg 2048w\" sizes=\"(max-width: 1024px) 100vw, 1024px\" \/><\/figure>\n\n\n\n<figure class=\"wp-block-image size-large\"><img loading=\"lazy\" decoding=\"async\" width=\"1024\" height=\"683\" data-id=\"1345\" src=\"https:\/\/sphynx-lilith.com\/wp-content\/uploads\/2023\/02\/tonyRblade-20220906_110441-AR-2-1024x683.jpg\" alt=\"\" class=\"wp-image-1345\" srcset=\"https:\/\/sphynx-lilith.com\/wp-content\/uploads\/2023\/02\/tonyRblade-20220906_110441-AR-2-1024x683.jpg 1024w, https:\/\/sphynx-lilith.com\/wp-content\/uploads\/2023\/02\/tonyRblade-20220906_110441-AR-2-300x200.jpg 300w, https:\/\/sphynx-lilith.com\/wp-content\/uploads\/2023\/02\/tonyRblade-20220906_110441-AR-2-768x512.jpg 768w, https:\/\/sphynx-lilith.com\/wp-content\/uploads\/2023\/02\/tonyRblade-20220906_110441-AR-2-1536x1024.jpg 1536w, https:\/\/sphynx-lilith.com\/wp-content\/uploads\/2023\/02\/tonyRblade-20220906_110441-AR-2-2048x1365.jpg 2048w\" sizes=\"(max-width: 1024px) 100vw, 1024px\" \/><\/figure>\n\n\n\n<figure class=\"wp-block-image size-large\"><img loading=\"lazy\" decoding=\"async\" width=\"1024\" height=\"683\" data-id=\"1461\" src=\"https:\/\/sphynx-lilith.com\/wp-content\/uploads\/2023\/03\/DSC_0445-1024x683.jpg\" alt=\"\" class=\"wp-image-1461\" srcset=\"https:\/\/sphynx-lilith.com\/wp-content\/uploads\/2023\/03\/DSC_0445-1024x683.jpg 1024w, https:\/\/sphynx-lilith.com\/wp-content\/uploads\/2023\/03\/DSC_0445-300x200.jpg 300w, https:\/\/sphynx-lilith.com\/wp-content\/uploads\/2023\/03\/DSC_0445-768x512.jpg 768w, https:\/\/sphynx-lilith.com\/wp-content\/uploads\/2023\/03\/DSC_0445-1536x1024.jpg 1536w, https:\/\/sphynx-lilith.com\/wp-content\/uploads\/2023\/03\/DSC_0445-2048x1365.jpg 2048w\" sizes=\"(max-width: 1024px) 100vw, 1024px\" \/><\/figure>\n<\/figure>\n\n\n\n<h2 class=\"wp-block-heading\">Nous contacter<\/h2>\n\n\n\n<h3 class=\"wp-block-heading\">Instagram : les_sphynx_del_antre_de_lilith<\/h3>\n\n\n\n<h3 class=\"wp-block-heading\">Facebook : Les sphynx de l&rsquo;antre de Lilith<\/h3>\n\n\n\n<h3 class=\"wp-block-heading\">Adresse: 45340 Beaune-la-Rolande<\/h3>\n\n\n\n<h3 class=\"wp-block-heading\">Email:&nbsp; sphynxdelilith@gmail.com<\/h3>\n","protected":false},"excerpt":{"rendered":"<p>Les sphynx de l&rsquo;antre de Lilith Pr\u00e9sentation de la chatterie FACEBOOK INSTAGRAM TikTok Bonjour \u00e0 tous et bienvenue chez nous !!! Les sphynx de l&rsquo;antre de Lilith est une petite chatterie situ\u00e9e dans le Loiret proche de Beaune la Rolande 45340, \u00e0 1h d&rsquo;Orl\u00e9ans, 1h 30 de Paris, 1h de Sens. Acc\u00e8s \u00e0 la A19 [&hellip;]<\/p>\n","protected":false},"author":2,"featured_media":0,"parent":0,"menu_order":0,"comment_status":"closed","ping_status":"closed","template":"elementor_theme","meta":{"ocean_post_layout":"full-screen","ocean_both_sidebars_style":"","ocean_both_sidebars_content_width":0,"ocean_both_sidebars_sidebars_width":0,"ocean_sidebar":"0","ocean_second_sidebar":"0","ocean_disable_margins":"on","ocean_add_body_class":"","ocean_shortcode_before_top_bar":"","ocean_shortcode_after_top_bar":"","ocean_shortcode_before_header":"","ocean_shortcode_after_header":"","ocean_has_shortcode":"","ocean_shortcode_after_title":"","ocean_shortcode_before_footer_widgets":"","ocean_shortcode_after_footer_widgets":"","ocean_shortcode_before_footer_bottom":"","ocean_shortcode_after_footer_bottom":"","ocean_display_top_bar":"default","ocean_display_header":"default","ocean_header_style":"","ocean_center_header_left_menu":"0","ocean_custom_header_template":"0","ocean_custom_logo":0,"ocean_custom_retina_logo":0,"ocean_custom_logo_max_width":0,"ocean_custom_logo_tablet_max_width":0,"ocean_custom_logo_mobile_max_width":0,"ocean_custom_logo_max_height":0,"ocean_custom_logo_tablet_max_height":0,"ocean_custom_logo_mobile_max_height":0,"ocean_header_custom_menu":"8","ocean_menu_typo_font_family":"Antic","ocean_menu_typo_font_subset":"","ocean_menu_typo_font_size":0,"ocean_menu_typo_font_size_tablet":0,"ocean_menu_typo_font_size_mobile":0,"ocean_menu_typo_font_size_unit":"px","ocean_menu_typo_font_weight":"900","ocean_menu_typo_font_weight_tablet":"","ocean_menu_typo_font_weight_mobile":"","ocean_menu_typo_transform":"","ocean_menu_typo_transform_tablet":"","ocean_menu_typo_transform_mobile":"","ocean_menu_typo_line_height":0,"ocean_menu_typo_line_height_tablet":0,"ocean_menu_typo_line_height_mobile":0,"ocean_menu_typo_line_height_unit":"","ocean_menu_typo_spacing":0,"ocean_menu_typo_spacing_tablet":0,"ocean_menu_typo_spacing_mobile":0,"ocean_menu_typo_spacing_unit":"","ocean_menu_link_color":"#b70b6c","ocean_menu_link_color_hover":"","ocean_menu_link_color_active":"","ocean_menu_link_background":"#ffda6b","ocean_menu_link_hover_background":"#ffd351","ocean_menu_link_active_background":"#ffdc75","ocean_menu_social_links_bg":"#ffd375","ocean_menu_social_hover_links_bg":"#ffd65b","ocean_menu_social_links_color":"#ffd24c","ocean_menu_social_hover_links_color":"#ffd65b","ocean_disable_title":"enable","ocean_disable_heading":"default","ocean_post_title":"","ocean_post_subheading":"","ocean_post_title_style":"","ocean_post_title_background_color":"","ocean_post_title_background":0,"ocean_post_title_bg_image_position":"","ocean_post_title_bg_image_attachment":"","ocean_post_title_bg_image_repeat":"","ocean_post_title_bg_image_size":"","ocean_post_title_height":0,"ocean_post_title_bg_overlay":0.5,"ocean_post_title_bg_overlay_color":"","ocean_disable_breadcrumbs":"default","ocean_breadcrumbs_color":"","ocean_breadcrumbs_separator_color":"","ocean_breadcrumbs_links_color":"","ocean_breadcrumbs_links_hover_color":"","ocean_display_footer_widgets":"default","ocean_display_footer_bottom":"default","ocean_custom_footer_template":"0","footnotes":""},"_links":{"self":[{"href":"https:\/\/sphynx-lilith.com\/index.php\/wp-json\/wp\/v2\/pages\/355"}],"collection":[{"href":"https:\/\/sphynx-lilith.com\/index.php\/wp-json\/wp\/v2\/pages"}],"about":[{"href":"https:\/\/sphynx-lilith.com\/index.php\/wp-json\/wp\/v2\/types\/page"}],"author":[{"embeddable":true,"href":"https:\/\/sphynx-lilith.com\/index.php\/wp-json\/wp\/v2\/users\/2"}],"replies":[{"embeddable":true,"href":"https:\/\/sphynx-lilith.com\/index.php\/wp-json\/wp\/v2\/comments?post=355"}],"version-history":[{"count":100,"href":"https:\/\/sphynx-lilith.com\/index.php\/wp-json\/wp\/v2\/pages\/355\/revisions"}],"predecessor-version":[{"id":1823,"href":"https:\/\/sphynx-lilith.com\/index.php\/wp-json\/wp\/v2\/pages\/355\/revisions\/1823"}],"wp:attachment":[{"href":"https:\/\/sphynx-lilith.com\/index.php\/wp-json\/wp\/v2\/media?parent=355"}],"curies":[{"name":"wp","href":"https:\/\/api.w.org\/{rel}","templated":true}]}}